-3).
3
Let w(r) = 31*r - 4*r - r + 26. Let x(l) = 5*l + 5. Let z(b) = -2*w(b) + 11*x(b). What is the remainder when 28 is divided by z(4)?
13
Let q be (-60)/(-14) + (-4)/14. Suppose 9 = 3*h, f + h = -q*f + 73. Calculate the remainder when 26 is divided by f.
12
Let i(c) = c**2 - 3*c - 5. Let t = 59 - 22. Let b = t - -8. What is the remainder when b is divided by i(7)?
22
Suppose 7*w - 2*w - 3*d - 73 = 0, 42 = 2*w + 2*d. Suppose -2*f = -4*z + 38, -5*z + 4*f + 15 = -34. What is the remainder when w is divided by z?
8
Let c(d) = d**2 + 5*d + 4. Let q be c(-6). Let k = -7 + q. Let j(n) = 5*n**2 + n + 1. What is the remainder when j(-1) is divided by k?
2
Suppose -2*l + 74 = u, 0*l + 2*u - 31 = -l. Let q = -15 - -20. Calculate the remainder when (-1)/((-3)/l)*1 is divided by q.
3
Let p(h) = -18*h - 1. Let o(c) = c**3 + 9*c**2 + 10*c + 9. Let u be o(-8). Let a(i) = -i - 8. Let b be a(u). Calculate the remainder when 33 is divided by p(b).
16
Let u be (2 - (3 + -3)) + -2. Suppose u = -w + 4*w - 18. Suppose -4*o - 80 = -9*o. What is the remainder when o is divided by w?
4
Suppose -j + 13 = -4*d, 7*j - 5*j - 26 = -d. What is the remainder when 48 is divided by j?
9
Let p = 7 + -4. Let a(n) = 9*n - 1. Suppose -539 = -12*f + 5*f. What is the remainder when f is divided by a(p)?
25
Suppose s - 7 + 3 = 0. Suppose 3*j = 5*j - s. Suppose 5*a = j*a + 63. Calculate the remainder when a is divided by 11.
10
Suppose -5*h = 3*w + 15, -3*h - 10 = 3*w - w. Suppose -2*t + t + 18 = h. Calculate the remainder when t is divided by 5.
3
Suppose 0 = n + n - 3*o - 93, -69 = -n - 3*o. Suppose n = q + q. What is the remainder when q is divided by 14?
13
Let d = 111 + -58. Let c(y) = -y + 4. Let x(k) = -4*k**2 + 3*k. Let p be x(2). Calculate the remainder when d is divided by c(p).
11
What is the remainder when ((-18)/(-4))/(-3)*-34 is divided by 26?
25
Let z(k) = k**3 - k**2 + 2. Let x be z(0). Suppose -3*a = x*a - 5. Calculate the remainder when 25 is divided by (18*-1)/(-2)*a.
7
Suppose -4*x + 19 + 1 = 0. Let o(q) = -q**2 + 6*q - 2. Let t be o(x). Suppose -2*u + 3*u - t = 0. Calculate the remainder when 8 is divided by u.
2
Suppose 3*k = -5*l + 82, 2*l - 7*l + 74 = k. Suppose -4*d + l = -0*d - 2*u, -6 = 3*d + 4*u. Suppose -4 = d*q - 44. What is the remainder when q is divided by 7?
6
Suppose -3*w + 30 = -3. Suppose -5*p + 93 = -2*p. Calculate the remainder when p is divided by w.
9
Suppose 3*q - 50 - 67 = 0. Let k = 7 + q. Let y = 0 - -16. What is the remainder when k is divided by y?
14
Suppose 25 = 5*o, -o = -c + 6*c - 100. Suppose -v = 3 - 6. Suppose 4*x - 4*h = 196, x = -x - v*h + 123. What is the remainder when x is divided by c?
16
Suppose r - 7 = -d, -5*r - 1 - 4 = -5*d. Suppose 3*s + 0*s - 30 = 0. Calculate the remainder when s is divided by r.
1
Suppose 3*u - 10 = -2*u. Suppose u*a = 2*p + 78, -3*a + 5*p = 6 - 113. What is the remainder when a is divided by 15?
14
Suppose 0*s - 2*s + 73 = -b, 2*b + 6 = 0. What is the remainder when 69 is divided by s?
34
Let j = 53 + -42. What is the remainder when 41 is divided by j?
8
Let g = -36 - -54. Let j = -29 - -89. Suppose -j = -5*a - 10. Calculate the remainder when g is divided by a.
8
Suppose -q + 6 = 4*o, -8*q - 5*o = -4*q - 35. What is the remainder when q is divided by 10?
0
Let w be 3*(0 + 3 - 2). Suppose j - w*l = -0*j + 8, -4*j + 4*l + 56 = 0. Calculate the remainder when 50 is divided by j.
16
Suppose 8 = -0*y + 2*y. What is the remainder when 7 is divided by y?
3
Suppose 35 + 43 = 6*r. What is the remainder when 25 is divided by r?
12
Let x = 227 + -149. Calculate the remainder when x is divided by 20.
18
Let b be 1*(-2 + 0)/2. Let c be (b + 5)/(8/100). Suppose 4*o - c = -6. What is the remainder when o is divided by 6?
5
Let j(g) be the first derivative of -g**4/4 + 4*g**3/3 + 11*g**2/2 - 6*g - 4. Calculate the remainder when 94 is divided by j(5).
22
Let s = 18 + 13. Suppose 8 = -g + s. What is the remainder when 68 is divided by g?
22
Let z(i) = i**2 - 4. Let r be z(3). Suppose -3*p - 5 = -9*u + 4*u, u = -3*p - 17. Calculate the remainder when 8 is divided by 3*u/(-10)*r.
2
Let v(n) = -1 - 2 - 3*n + 0 + 4*n. Calculate the remainder when 28 is divided by v(11).
4
Suppose p = 5*p. Let v = -1 - p. What is the remainder when 8 is divided by (2 + (1 - 8))/v?
3
Let k(a) = a**3 + 12*a**2 + 9*a - 12. Calculate the remainder when k(-11) is divided by 6.
4
Let b = -19 + 32. Let n = -75 - -125. Calculate the remainder when n is divided by b.
11
Let q = 6 + -3. Suppose u = -q*u + 100. Calculate the remainder when u is divided by 0 + 4/((-8)/(-18)).
7
Suppose 4*l - 7 = 9, 5*l = 4*h + 52. Let k(u) = u**2 + 8*u + 10. Suppose 0 = -5*p + 63 + 27. What is the remainder when p is divided by k(h)?
8
Let u(t) = t**3 + 5*t**2 - 4*t + 5. Let m be u(-6). Let w(v) = v - 1. Let s be w(5). What is the remainder when 29 is divided by (s/10)/(m/(-140))?
5
Let f = 96 + -89. What is the remainder when f is divided by (2/2)/(2/6)?
1
Suppose -5*d - 2*a - 2*a = -31, 2*a + 1 = 3*d. Suppose d*w - 74 = -26. Calculate the remainder when 63 is divided by w.
15
Calculate the remainder when (-627)/(-55) + 4/(-10) is divided by 7.
4
Let g = 5 - 1. Suppose 0 = -5*i - y + 40, 0*i - g*y - 8 = -i. Calculate the remainder when i is divided by 5.
3
Let u(p) = 2*p**2 - 9 - 1 + 6*p + 3*p. What is the remainder when u(-8) is divided by 16?
14
Let j(i) = i**2 + 2*i - 2. Suppose 6*n - 2*n - 28 = 0. Let p = -12 + n. What is the remainder when 51 is divided by j(p)?
12
Suppose 18 = 2*b + 10. Calculate the remainder when 8 is divided by b.
0
Suppose -5*r + 24 + 11 = 0. Calculate the remainder when 15 is divided by r.
1
Let q(h) = h**2 - 8*h + 10. What is the remainder when q(9) is divided by 7?
5
Suppose 7*g + 8*g - 45 = 0. What is the remainder when 25 is divided by g?
1
Let c be (-3)/(-1) - 56/4. Calculate the remainder when 32 is divided by (c/2)/((-1)/2).
10
Let j be 4/8*(10 + -2). Suppose j*t - 12 = -0*t. Calculate the remainder when ((1 - 3) + 4)*2 is divided by t.
1
Suppose 13 = -7*v + 132. Suppose -2*l = m - 89, -l - v = 4*m - 352. What is the remainder when m is divided by 21?
20
What is the remainder when 63 is divided by 1*3 + 12 + 7?
19
Let v(i) = -12*i - 12. What is the remainder when v(-9) is divided by 33?
30
Let l = 5 - 5. Let c = l + -15. What is the remainder when ((-10)/c)/((-2)/(-111)) is divided by 13?
11
Let b be -2*(-2 + 3) + 4. Suppose 32 + 2 = b*t. Calculate the remainder when 50 is divided by t.
16
Let y(l) = -l**3 + 4*l**2 + 7*l - 6. Suppose -i = 6 - 12. What is the remainder when i is divided by y(5)?
2
Let y(m) = -m**3 - m**2 + 4*m + 2. Let w be y(-5). Suppose -3*d + w = -d. What is the remainder when d is divided by 14?
13
Suppose 0 = -5*j + 131 - 51. What is the remainder when 78 is divided by j?
14
Let x(v) = -v**2 + 5*v + 8. Let k be x(6). Suppose k = 4*t - 10. Suppose -t*s + 5*w + 32 = 0, s - 14 = w - 4. Calculate the remainder when 33 is divided by s.
6
Suppose 0 = 3*t - t. What is the remainder when 2*(4 + -2 + t) is divided by 3?
1
Suppose 8*c + 30 = -h + 3*c, 2*h + 40 = -5*c. Let z = 17 + h. Let m = -5 + z. What is the remainder when 2 is divided by m?
0
Suppose -5*y + 30 = -45. Calculate the remainder when 72 is divided by y.
12
Let k = -150 - -317. What is the remainder when k is divided by 42?
41
Suppose -h - 5*w = 14, 7*w = h + 4*w - 18. Let n = -20 - -10. What is the remainder when h is divided by (-2)/5 - 44/n?
2
Suppose -5*l + 3*l = -10. Suppose 3*n - 33 = 4*v, -4*n + 29 = -l*v - 16. What is the remainder when 44 is divided by n?
14
Let g = 2 - -6. Calculate the remainder when 38 is divided by g.
6
Let t(s) = -2*s - 2. Calculate the remainder when 10 is divided by t(-4).
4
Let j(u) = -5*u**2 + 6*u - 47. Let a(i) = 4*i**2 - 5*i + 46. Let h(w) = 6*a(w) + 5*j(w). Let f = 48 + -34. Calculate the remainder when h(0) is divided by f.
13
Let t(i) = -i**2 - 8*i + 11. Calculate the remainder when t(-9) is divided by 1.
0
Let q = -84 + 150. Suppose -5*o - 4*t + q = 0, 0*t = -2*o + 2*t + 30. Calculate the remainder when 26 is divided by o.
12
Let o be 6/2 - (48 + -1). Let n = -21 - o. Calculate the remainder when 89 is divided by n.
20
Let o = -4 + 4. Suppose -4*q = -o*q - 140. What is the remainder when q is divided by 12?